 533)).
-20
14 + 78 - 69 - 31
-8
What is the value of 96 + (85 - (121 + 87))?
-27
Calculate (-7 + 23 - -2) + -25 + 1 + 424 + -409.
9
What is (-8 - (-21 + 40 + 14 + -21)) + 109?
89
What is the value of -1 - (9 + 2 + -21 + 15 + 11)?
-17
What is the value of -1 + 82 - (-86 - -127) - 46?
-6
-17 + (53 - 16) + -35 + 19
4
What is 391 + -391 - (27 - 12)?
-15
Calculate 12 + -43 + 26 - 30.
-35
-48 - (-68 + (-78 - -102))
-4
What is 7 - (-11 - (22 + -17)) - 37?
-14
What is 13 - (27 + 17) - -5?
-26
What is the value of -12 + 0 + 15 + (-25 - (-58 - -22))?
14
What is (-4 - -2 - (-91 + -5 + 8)) + -2?
84
What is (-11 - -90) + (-19 - -10 - -38) + -13?
95
What is the value of (0 - (0 + -3 + (25 - 18))) + 1 + -4?
-7
Evaluate 0 + -6 + (-20 - -14).
-12
What is the value of -5 + 13 + -31 - (120 - 14)?
-129
What is the value of -26 + (-35 - (20 - (27 - 7) - -26))?
-87
Evaluate 66 + 47 + -50 - 25.
38
Calculate -15 - (-19 - 18 - 14 - 3).
39
What is the value of 180 + -261 - (-58 - -8)?
-31
Calculate 74 + (49 - (-52 - -249)).
-74
-5 - (28 + (-18 - (-17 + (2 - 7 - -15))))
-22
Evaluate -489 + 467 + -1 + 0 + 11.
-12
What is (89 - -108) + -184 - (1 + -37)?
49
Evaluate (-1 + -11 - (-77 + 52)) + -44 + 7.
-24
(-24 - -39) + (-5 - 4 - 99 - -3)
-90
What is (-95 - -89) + -33 + 11 + 1?
-27
Evaluate 16 + -41 - ((4 - 7) + -77).
55
Evaluate 3 - 18 - -2 - (-29 + 31 + 13).
-28
What is (3 + -39 - 8 - 3) + -56 + 69?
-34
(26 - (-2 - -5) - 6) + 7 + -20 - 67
-63
What is -15 - (-7 + 9) - (-7 + -9 - 4)?
3
What is the value of -113 + (-37 - -18 - -51) + -27?
-108
(2 - (-1 - 5)) + (-223 - -228) + 11
24
Evaluate (-10 + 0 - (5 + -10)) + 36 - 8.
23
What is (0 - (30 + -17)) + (4 - 7) + 5?
-11
Calculate (-53 - 10 - -23) + -14.
-54
What is -15 + (14 + (19 - 23) - 3)?
-8
(-8 + (-12 - -4) - (-23 - -12)) + -15
-20
Calculate (-1 - 18 - (-23 + (-4 - (-8 - 23)))) + 2.
-21
Evaluate -11 + 12 + -7 + 4 + (5 - (-3 + -1)).
7
-142 + (-1 + 47 - (-1671 + 1708))
-133
Calculate 49 - 1 - (-39 + 14 + 41 - 8).
40
Calculate (14 - 2) + (-30 - -33) + 9.
24
-11 - ((10 - 2) + (0 - 36 - 3))
20
What is the value of 145 + 38 + (-100 - -3)?
86
Evaluate 11 - 0 - (4 - (27 + -26) - (16 + 1)).
25
What is 101 - (256 - (-32 + 164))?
-23
1 - 9 - (16 - (13 + 9)) - (-7 + 9)
-4
What is the value of 24 - (27 - -8) - (-3 + 1 + -5 + 80)?
-84
Calculate (-17 - (56 - (-3 + 25))) + 2.
-49
What is the value of 5 - (2 - 23) - ((-4 + -16 - -15) + 11)?
20
What is -4 + (-3 - -2) + (-16 - -22) + -8 + 1?
-6
What is the value of -5 + (-3 + 33 - 30)?
-5
83 - (113 + 102) - -39
-93
What is the value of (123 - -2) + (-7 - ((-21 - 2) + 0) - 21)?
120
Evaluate -9 + -7 + -55 + 107.
36
What is the value of 252 - 289 - (-58 - -10)?
11
95 - 147 - (-61 - -2)
7
Calculate 69 + (-20 - (-8 + 34 + -37)).
60
229 + -182 + -4 + 5 - -22
70
Calculate (-39 + (11 - -11) - (0 + -1)) + 3 - 10.
-23
Calculate 12 - 9 - (-3 - -3 - (1 - 0 - -37)).
41
Calculate 78 - ((-172 - -89) + 54).
107
What is -17 - ((-20 - 11) + -20)?
34
Evaluate -1 + 0 - -36 - (41 - (-107 + 150)).
37
What is the value of -12 + 28 + 1 + -23 + 34?
28
Evaluate 0 + -18 + 33 + -1 - (-80 + (-3 - -4)).
93
What is -337 + 335 + (0 - 19)?
-21
What is the value of -1 + -4 - (18 - 8 - 18) - 15?
-12
Evaluate -3 - -14 - -6 - (38 - 21).
0
(1 - (-1 - -3)) + (-52 + (36 - 44) - -158)
97
What is 7 + -1 + 54 + -60 - (69 + 2 + -1)?
-70
104 + -168 - -29 - -6
-29
Evaluate (-5 - 21 - -8 - (5 - 9)) + 32.
18
Evaluate 6 - -22 - (87 + -98) - (-3 + 2 - -2).
38
-23 + 1 - (-30 - -24 - (-30 - -18))
-28
Calculate (-4 - 10) + (-87 - -98) + (76 - 1) + -8.
64
Evaluate (-54 - -8) + 50 + 42.
46
Calculate -40 - -32 - (21 + -42).
13
What is the value of 38 + 29 + -17 - 48?
2
What is the value of 21 + -134 - (0 + 0 + 1)?
-114
What is (-1 - -4) + (-1 + 6 - (-19 - 4 - -23))?
8
Evaluate 32 + 91 + -52 + -50.
21
Calculate -3 - 82 - (3523 + -3627).
19
What is the value of (0 - (-1 + 3 + 0)) + 110 + -107 - 53?
-52
47 + -29 + (-63 - -38)
-7
Evaluate 37 + (-7 - 36) + -9.
-15
What is (36 - -1) + (-131 - (223 + -370))?
53
What is the value of 0 + -6 + 0 - ((-1106 - -1136) + 11 + 0)?
-47
Calculate -23 - (-81 + -46 + 28 - -15).
61
What is 42 - (-62 - (-120 - -39))?
23
Evaluate 8 + -30 + (-250 - -257).
-15
Calculate (18 - 51) + 44 + -38.
-27
What is 3 + 18 + -20 + 25 + -25 + 1 + -20?
-18
What is the value of (-12 - (-11 - -12)) + 69?
56
-3 - (17 - 20) - 18 - -80
62
Calculate (-1 - (6 + 18 + -17)) + (-1 - -1).
-8
What is the value of -34 + 15 + (0 - -76)?
57
Evaluate (4 - 147) + 1207 + -1125.
-61
What is 65 + (18 - -13) + -5 - 24?
67
What is the value of (6 - (-5 + 15)) + 10 - (-7 - (18 - -3))?
34
Evaluate (-10 - 0 - -3) + 45 + (-127 - -52).
-37
Evaluate (-4 - -3 - 9) + (-54 - -76).
12
Evaluate (81 - (10 + 73)) + -3 + 0 + 0 + 36.
31
Calculate 1 + 1 + (1248 - 1263).
-13
Calculate (39 + -17 + -38 - -19) + (-1 - 23).
-21
What is the value of -7 + ((-64 - -69) + -2 + -4 + 2 - 44)?
-50
What is the value of 7 - 17 - (-9 + 2 + 5 + -7)?
-1
What is the value of 107 - ((-119 - -62) + 116)?
48
Evaluate 132 + -145 + (-12 + 1 + 2 - -3) - -6.
-13
What is the value of (3 + -13 + 106 + -120 - -27) + (-1 - -67)?
69
What is the value of 30 + 12 + -9 - (4 + -7 - -12)?
24
Calculate ((-20 - -27) + -26 + 7 - 0) + 57.
45
What is -1 + -6 + (2 + -38 - (-27 - -12))?
-28
What is the value of -6 - (1 + -8) - (-23 - (-27 + 0))?
-3
(-2 - 131) + 1 + -14 + 1 + -160 + 173
-132
Evaluate -9 + 45 - (42 + 40).
-46
Evaluate 1 - (-24 + -2 + 6) - (-15 - (-33 - -21)).
24
What is (1 - -1 - (6 - (-3 - 4))) + 867 + -860?
-4
What is the value of -37 - 1 - (18 + -12 + -9 + -12 + 4)?
-27
0 - 5 - -3 - (19 + (9 - (14 + 14)))
-2
Calculate -2 - ((50 - 35) + -14 - -3).
-6
What is the value of (-67 - (-38 + -23)) + -4 + (-5 - -11) + -83?
-87
Calculate (167 - 196) + 35 + -3 + -22.
-19
Evaluate -3 + ((-38 - -87) + -40 - -106).
112
What is 82 + -42 - 37 - (-52 - -4)?
51
Evaluate -13 - (6 - (-72 - -28)) - (1 + 0 - -12).
-76
What is (62 - 68 - -43) + -53?
-16
What is the value of 23 + (155 - 85) + -56?
37
Calculate (-21 - (-7 + 2)) + 54 + -37 + 22.
23
Evaluate -5 + -130 - -203 - (-24 + 0).
92
What is (-4 - -3) + (-1 - (32 + -8 - 39))?
13
Calculate 16 - (19 + -12) - (12 + -21 + (-2 - -40)).
-20
Calculate -8 + 2 + -116 + 117 + (-2 - 5).
-12
What is -3 + (2 - 2) - (0 - ((-8 - -2) + -7))?
-16
Calculate 34 - (-23 + (-9 - -8) + 20).
38
What is (102 - (-2 + 3 + -2)) + -427 + 183 + 242?
101
Calculate -8 - -55 - (-1363 - -1330).
80
Evaluate 12 - (3 + -4 + 7) - (-4 + -3 + -11).
24
0 + -8 + (-3 - -2) + (-187 - -195)
-1
What is the value of -31 - (2 + -42) - -30?
39
Evaluate (-2 - 30) + (-97 - (25 + -56)).
-98
What is (-16 - -2) + (55 - 18 - 15 - 7)?
1
(19 - (1 + 1)) + (-841 - -863)
39
Calculate (-37 - -28) + (14 - -7) - -43.
55
Calculate 46 + (20 + (13 - 36) - 2).
41
Calculate -21 + 9 + 1 - (-10 - -1 - -1) - -2.
-1
-69 - (13 - (-22 + 14))
-90
Evaluate 122 + -3 + -18 + 8 + -5.
104
-29 - -10 - (-28 + 7) - 43
-41
Evaluate (-3 - 15) + 112 - (-9 + 16 - 6).
93
What is -3 + (-16 - -22) + (-26 - 43)?
-66
What is (-51 - (-17 - -64)) + -15?
-113
(-7 - 4 - -13) + 2 - (4 - 43)
43
(-11 + 2 - (7 + (-7 + 4 - 12))) + -44
-45
What is (136 - 64) + -47 - 124?
-99
Evaluate 9 + (-9 - (-8 + 6)) - (-1 + -41).
44
What is -11 + -2 - (-12 + 2 - 2) - (2 + 3)?
-6
Calculate (1330 - 1250) + (0 - 12) + 9.
77
Evaluate 331 - 342 - (6 + 2 + -3 - -55).
-71
Calculate (-9 - (-12 + (11 - -7) - 19)) + 4 + 7.
15
Evaluate -34 - (44 - 69) - (-1 + 10).
-18
Evaluate 43 - (-4 + -7 - (20 - 12 - 17)).
45
Evaluate (-64 - (11 + -30 - -16)) + (2 + 1 - 2).
-60
(5 - -1 - (-108 + 77)) + -3
34
Evaluate (31 - 49) + 25 - 37.
-30
What is the value of 17 - (13 - (11 - 2)) - (-71 + -3 + 0)?
87
Calculate (-36 - (-38 + 18)) + 18 - (2 - 6 - -4).
2
What is 84 + (-19 + 36 - 30 - 10)?
61
What is 22 - (46 - 0 - (261 + -243))?
-6
Evaluate 5 + -15 - (41 + 19 + -30).
-40
Calculate 60 + (18 + -9 - (-7 + 4)) - 18.
54
(-15 + 15 - -2) + -3 + (5 - 9) - -36
31
What is the value of -3 + (0 - (0 + 28)) + (-35 - -43 - 11)?
-34
Calculate (-15 - (9 + -6) - -8) + (-24 + -7 - 14).
-55
33 - ((-10 - -6) + -1) - (1 + 1)
36
(59 + -69 - -25) + (0 + 3 - 69)
-51
-3 + (-83 - -130) + -22
22
Evaluate 184 + (-118 + 117 - 112).
71
What is 21 - 36 - (24 + 6 + (-13 - -6))?
-38
-25 + 1 + 9 - ((-13 - -4) + 28)
-34
-75 + -49 +